{"id":13,"date":"2021-06-12T10:33:47","date_gmt":"2021-06-12T08:33:47","guid":{"rendered":"http:\/\/mag-borneo-yoga.com\/?page_id=13"},"modified":"2021-08-10T17:04:54","modified_gmt":"2021-08-10T15:04:54","slug":"blog","status":"publish","type":"page","link":"https:\/\/mag-borneo-yoga.com\/?page_id=13","title":{"rendered":"blog"},"content":{"rendered":"<ol class=\"has-avatars has-dates has-excerpts wp-block-latest-comments\"><li class=\"wp-block-latest-comments__comment\"><img alt='' src='https:\/\/secure.gravatar.com\/avatar\/1ab22dec695bc4991e69d7684f9e13cd20ec1ea876010be6ce2a375507a120fd?s=48&#038;d=mm&#038;r=g' srcset='https:\/\/secure.gravatar.com\/avatar\/1ab22dec695bc4991e69d7684f9e13cd20ec1ea876010be6ce2a375507a120fd?s=96&#038;d=mm&#038;r=g 2x' class='avatar avatar-48 photo wp-block-latest-comments__comment-avatar' height='48' width='48' \/><article><footer class=\"wp-block-latest-comments__comment-meta\"><a class=\"wp-block-latest-comments__comment-author\" href=\"https:\/\/redmetsplav.ru\/\">Sheilarib<\/a> sur <a class=\"wp-block-latest-comments__comment-link\" href=\"https:\/\/mag-borneo-yoga.com\/?p=337#comment-278195\">\u00ab Le Chien t\u00eate en bas: 45 histoires d\u2019asanas\u00bb<\/a><time datetime=\"2025-11-04T18:58:20+01:00\" class=\"wp-block-latest-comments__comment-date\">4 novembre 2025<\/time><\/footer><div class=\"wp-block-latest-comments__comment-excerpt\"><p>\u0420\u0435\u0434\u041c\u0435\u0442\u0421\u043f\u043b\u0430\u0432 \u043f\u0440\u0435\u0434\u043b\u0430\u0433\u0430\u0435\u0442 \u043e\u0431\u0448\u0438\u0440\u043d\u044b\u0439 \u0432\u044b\u0431\u043e\u0440 \u043a\u0430\u0447\u0435\u0441\u0442\u0432\u0435\u043d\u043d\u044b\u0445 \u0438\u0437\u0434\u0435\u043b\u0438\u0439 \u0438\u0437 \u043d\u0435\u0441\u0442\u0430\u043d\u0434\u0430\u0440\u0442\u043d\u044b\u0445 \u043c\u0430\u0442\u0435\u0440\u0438\u0430\u043b\u043e\u0432. \u041d\u0435 \u0432\u0430\u0436\u043d\u043e, \u043a\u0430\u043a\u0438\u0435 \u043e\u0431\u044a\u0435\u043c\u044b \u0432\u0430\u043c \u043d\u0435\u043e\u0431\u0445\u043e\u0434\u0438\u043c\u044b &#8211; \u043e\u0442 \u043c\u0435\u043b\u043a\u0438\u0445 \u043f\u0430\u0440\u0442\u0438\u0439 \u0434\u043e&hellip;<\/p>\n<\/div><\/article><\/li><li class=\"wp-block-latest-comments__comment\"><img alt='' src='https:\/\/secure.gravatar.com\/avatar\/77552cbea0397e2a5d12b7416fab2f66793c2856488bfdaa6b077408850e5c5d?s=48&#038;d=mm&#038;r=g' srcset='https:\/\/secure.gravatar.com\/avatar\/77552cbea0397e2a5d12b7416fab2f66793c2856488bfdaa6b077408850e5c5d?s=96&#038;d=mm&#038;r=g 2x' class='avatar avatar-48 photo wp-block-latest-comments__comment-avatar' height='48' width='48' \/><article><footer class=\"wp-block-latest-comments__comment-meta\"><a class=\"wp-block-latest-comments__comment-author\" href=\"https:\/\/www.escortkonya.com\/\">Escort Konya<\/a> sur <a class=\"wp-block-latest-comments__comment-link\" href=\"https:\/\/mag-borneo-yoga.com\/?p=382#comment-278182\">Les bienfaits du yoga sur le mental<\/a><time datetime=\"2025-11-04T16:08:55+01:00\" class=\"wp-block-latest-comments__comment-date\">4 novembre 2025<\/time><\/footer><div class=\"wp-block-latest-comments__comment-excerpt\"><p>Thank you for great information. Hello Administ . Seo Paketi Skype: By_uMuT@KRaLBenim.Com -_- live:by_umut<\/p>\n<\/div><\/article><\/li><li class=\"wp-block-latest-comments__comment\"><img alt='' src='https:\/\/secure.gravatar.com\/avatar\/77552cbea0397e2a5d12b7416fab2f66793c2856488bfdaa6b077408850e5c5d?s=48&#038;d=mm&#038;r=g' srcset='https:\/\/secure.gravatar.com\/avatar\/77552cbea0397e2a5d12b7416fab2f66793c2856488bfdaa6b077408850e5c5d?s=96&#038;d=mm&#038;r=g 2x' class='avatar avatar-48 photo wp-block-latest-comments__comment-avatar' height='48' width='48' \/><article><footer class=\"wp-block-latest-comments__comment-meta\"><a class=\"wp-block-latest-comments__comment-author\" href=\"https:\/\/www.escortkonya.com\/\">Escort Konya<\/a> sur <a class=\"wp-block-latest-comments__comment-link\" href=\"https:\/\/mag-borneo-yoga.com\/?p=382#comment-278151\">Les bienfaits du yoga sur le mental<\/a><time datetime=\"2025-11-04T12:14:32+01:00\" class=\"wp-block-latest-comments__comment-date\">4 novembre 2025<\/time><\/footer><div class=\"wp-block-latest-comments__comment-excerpt\"><p>Thank you for great content. Hello Administ. Seo Paketi Skype: By_uMuT@KRaLBenim.Com -_- live:by_umut<\/p>\n<\/div><\/article><\/li><li class=\"wp-block-latest-comments__comment\"><img alt='' src='https:\/\/secure.gravatar.com\/avatar\/1ab22dec695bc4991e69d7684f9e13cd20ec1ea876010be6ce2a375507a120fd?s=48&#038;d=mm&#038;r=g' srcset='https:\/\/secure.gravatar.com\/avatar\/1ab22dec695bc4991e69d7684f9e13cd20ec1ea876010be6ce2a375507a120fd?s=96&#038;d=mm&#038;r=g 2x' class='avatar avatar-48 photo wp-block-latest-comments__comment-avatar' height='48' width='48' \/><article><footer class=\"wp-block-latest-comments__comment-meta\"><a class=\"wp-block-latest-comments__comment-author\" href=\"https:\/\/redmetsplav.ru\/\">Sheilarib<\/a> sur <a class=\"wp-block-latest-comments__comment-link\" href=\"https:\/\/mag-borneo-yoga.com\/?p=337#comment-278150\">\u00ab Le Chien t\u00eate en bas: 45 histoires d\u2019asanas\u00bb<\/a><time datetime=\"2025-11-04T12:08:18+01:00\" class=\"wp-block-latest-comments__comment-date\">4 novembre 2025<\/time><\/footer><div class=\"wp-block-latest-comments__comment-excerpt\"><p>\u0420\u0435\u0434\u041c\u0435\u0442\u0421\u043f\u043b\u0430\u0432 \u043f\u0440\u0435\u0434\u043b\u0430\u0433\u0430\u0435\u0442 \u0432\u043d\u0443\u0448\u0438\u0442\u0435\u043b\u044c\u043d\u044b\u0439 \u043a\u0430\u0442\u0430\u043b\u043e\u0433 \u043e\u0442\u0431\u043e\u0440\u043d\u044b\u0445 \u0438\u0437\u0434\u0435\u043b\u0438\u0439 \u0438\u0437 \u0446\u0435\u043d\u043d\u044b\u0445 \u043c\u0430\u0442\u0435\u0440\u0438\u0430\u043b\u043e\u0432. \u041d\u0435 \u0432\u0430\u0436\u043d\u043e, \u043a\u0430\u043a\u0438\u0435 \u043e\u0431\u044a\u0435\u043c\u044b \u0432\u0430\u043c \u043d\u0435\u043e\u0431\u0445\u043e\u0434\u0438\u043c\u044b &#8211; \u043e\u0442 \u043c\u0435\u043b\u043a\u0438\u0445 \u043f\u0430\u0440\u0442\u0438\u0439 \u0434\u043e&hellip;<\/p>\n<\/div><\/article><\/li><li class=\"wp-block-latest-comments__comment\"><img alt='' src='https:\/\/secure.gravatar.com\/avatar\/1ab22dec695bc4991e69d7684f9e13cd20ec1ea876010be6ce2a375507a120fd?s=48&#038;d=mm&#038;r=g' srcset='https:\/\/secure.gravatar.com\/avatar\/1ab22dec695bc4991e69d7684f9e13cd20ec1ea876010be6ce2a375507a120fd?s=96&#038;d=mm&#038;r=g 2x' class='avatar avatar-48 photo wp-block-latest-comments__comment-avatar' height='48' width='48' \/><article><footer class=\"wp-block-latest-comments__comment-meta\"><a class=\"wp-block-latest-comments__comment-author\" href=\"https:\/\/redmetsplav.ru\/\">Sheilarib<\/a> sur <a class=\"wp-block-latest-comments__comment-link\" href=\"https:\/\/mag-borneo-yoga.com\/?p=337#comment-278145\">\u00ab Le Chien t\u00eate en bas: 45 histoires d\u2019asanas\u00bb<\/a><time datetime=\"2025-11-04T11:49:20+01:00\" class=\"wp-block-latest-comments__comment-date\">4 novembre 2025<\/time><\/footer><div class=\"wp-block-latest-comments__comment-excerpt\"><p>\u0420\u0435\u0434\u041c\u0435\u0442\u0421\u043f\u043b\u0430\u0432 \u043f\u0440\u0435\u0434\u043b\u0430\u0433\u0430\u0435\u0442 \u0448\u0438\u0440\u043e\u043a\u0438\u0439 \u0430\u0441\u0441\u043e\u0440\u0442\u0438\u043c\u0435\u043d\u0442 \u0432\u044b\u0441\u043e\u043a\u043e\u043a\u0430\u0447\u0435\u0441\u0442\u0432\u0435\u043d\u043d\u044b\u0445 \u0438\u0437\u0434\u0435\u043b\u0438\u0439 \u0438\u0437 \u0440\u0435\u0434\u043a\u0438\u0445 \u043c\u0430\u0442\u0435\u0440\u0438\u0430\u043b\u043e\u0432. \u041d\u0435 \u0432\u0430\u0436\u043d\u043e, \u043a\u0430\u043a\u0438\u0435 \u043e\u0431\u044a\u0435\u043c\u044b \u0432\u0430\u043c \u043d\u0435\u043e\u0431\u0445\u043e\u0434\u0438\u043c\u044b &#8211; \u043e\u0442 \u043c\u0435\u043b\u043a\u0438\u0445 \u043f\u0430\u0440\u0442\u0438\u0439 \u0434\u043e&hellip;<\/p>\n<\/div><\/article><\/li><\/ol>\n\n<ul class=\"wp-block-latest-posts__list wp-block-latest-posts\"><li><a class=\"wp-block-latest-posts__post-title\" href=\"https:\/\/mag-borneo-yoga.com\/?p=545\">Votre bilan sanguin est \u00ab normal \u00bb\u2026 mais vous vous sentez fatigu\u00e9, vous dormez mal et vous r\u00e9cup\u00e9rez difficilement ?<\/a><\/li>\n<li><a class=\"wp-block-latest-posts__post-title\" href=\"https:\/\/mag-borneo-yoga.com\/?p=541\">Georgia Ede est une psychiatre form\u00e9e \u00e0 Harvard, sp\u00e9cialis\u00e9e en psychiatrie nutritionnelle et m\u00e9tabolique. Elle est l\u2019autrice du livre Change Your Diet, Change Your Mind (2024), qui d\u00e9fend l\u2019id\u00e9e que les choix alimentaires \u2013 en particulier les r\u00e9gimes pauvres en glucides et riches en graisses de qualit\u00e9 (comme les approches low-carb, ketogenic ou carnivore) \u2013 peuvent am\u00e9liorer significativement la sant\u00e9 mentale, notamment pour la d\u00e9pression, l\u2019anxi\u00e9t\u00e9, les troubles bipolaires, le TDAH ou les troubles cognitifs.<\/a><\/li>\n<li><a class=\"wp-block-latest-posts__post-title\" href=\"https:\/\/mag-borneo-yoga.com\/?p=498\">PERSONNE NE PEUT FAIRE DU YOGA COMME VOUS LE FAITES<\/a><\/li>\n<li><a class=\"wp-block-latest-posts__post-title\" href=\"https:\/\/mag-borneo-yoga.com\/?p=495\">(pas de titre)<\/a><\/li>\n<li><a class=\"wp-block-latest-posts__post-title\" href=\"https:\/\/mag-borneo-yoga.com\/?p=487\">(pas de titre)<\/a><\/li>\n<\/ul>\n\n\n<p><\/p>\n\n\n\n<p><\/p>\n","protected":false},"excerpt":{"rendered":"","protected":false},"author":1,"featured_media":0,"parent":0,"menu_order":0,"comment_status":"closed","ping_status":"closed","template":"","meta":{"footnotes":""},"class_list":["post-13","page","type-page","status-publish","hentry"],"jetpack_sharing_enabled":true,"_links":{"self":[{"href":"https:\/\/mag-borneo-yoga.com\/index.php?rest_route=\/wp\/v2\/pages\/13","targetHints":{"allow":["GET"]}}],"collection":[{"href":"https:\/\/mag-borneo-yoga.com\/index.php?rest_route=\/wp\/v2\/pages"}],"about":[{"href":"https:\/\/mag-borneo-yoga.com\/index.php?rest_route=\/wp\/v2\/types\/page"}],"author":[{"embeddable":true,"href":"https:\/\/mag-borneo-yoga.com\/index.php?rest_route=\/wp\/v2\/users\/1"}],"replies":[{"embeddable":true,"href":"https:\/\/mag-borneo-yoga.com\/index.php?rest_route=%2Fwp%2Fv2%2Fcomments&post=13"}],"version-history":[{"count":12,"href":"https:\/\/mag-borneo-yoga.com\/index.php?rest_route=\/wp\/v2\/pages\/13\/revisions"}],"predecessor-version":[{"id":360,"href":"https:\/\/mag-borneo-yoga.com\/index.php?rest_route=\/wp\/v2\/pages\/13\/revisions\/360"}],"wp:attachment":[{"href":"https:\/\/mag-borneo-yoga.com\/index.php?rest_route=%2Fwp%2Fv2%2Fmedia&parent=13"}],"curies":[{"name":"wp","href":"https:\/\/api.w.org\/{rel}","templated":true}]}}